1600892
Convert 575520 (base 11) to base 7.
10530465
What is 6336433 (base 8) in base 11?
a52365
Convert 43344145 (base 6) to base 5.
312223103
What is -35264 (base 9) in base 11?
-16768
Convert -427733 (base 10) to base 3.
-210201201222
836325 (base 9) to base 12
1bb54b
Convert -11045363 (base 7) to base 13.
-27483b
Convert -10637a5 (base 11) to base 16.
-1c72aa
What is 139c1c (base 14) in base 6?
22324454
What is 3433001 (base 5) in base 3?
10010112110
1010010110111000 (base 2) to base 10
42424
What is 222020001 (base 3) in base 10?
19117
Convert -268033 (base 11) to base 9.
-710888
101011111110110101 (base 2) to base 4
223332311
-5abba (base 15) to base 13
-a1a22
-1455311 (base 6) to base 10
-85435
What is 9b5836 (base 13) in base 8?
15774336
Convert -464359 (base 15) to base 11.
-1992053
What is 1100220102120 (base 3) in base 13?
1c5828
-10251111 (base 7) to base 5
-210311222
Convert 3520044 (base 6) to base 14.
4a1c0
3126200 (base 8) to base 7
10026360
-15042516 (base 7) to base 3
-2200021002010
What is 5d86d8 (base 14) in base 10?
3211846
What is -57ea1 (base 15) in base 9?
-466137
Convert -1bbcd9 (base 15) to base 9.
-2486416
Convert -85220b (base 13) to base 2.
-1011111001001101000100
What is 910714 (base 10) in base 11?
572262
Convert -100001111011100111101 (base 2) to base 11.
-69a400
What is 10011010011011010011111 (base 2) in base 15?
69e505
361412 (base 11) to base 13
170968
223312 (base 8) to base 12
3780a
Convert -1003002210 (base 4) to base 12.
-112ab0
What is -7b058 (base 14) in base 8?
-1110246
142483 (base 9) to base 2
10101010001101110
Convert -100111000100101001 (base 2) to base 7.
-1234410
What is 212032 (base 10) in base 6?
4313344
26662624 (base 7) to base 6
124531334
Convert 174625 (base 9) to base 16.
1a771
10221411113 (base 5) to base 7
160135504
540125 (base 7) to base 5
10444312
Convert 1021464 (base 7) to base 13.
44004
What is -54524321 (base 7) in base 13?
-c7a768
a6350 (base 11) to base 7
1213232
What is 11033321132 (base 4) in base 9?
2526258
Convert 16057721 (base 9) to base 12.
2823591
Convert -15700406 (base 8) to base 7.
-42626662
-1103502204 (base 6) to base 5
-11023433133
-37466 (base 13) to base 7
-602600
What is -114066 (base 11) in base 3?
-100012101222
What is -10da149 (base 14) in base 6?
-444403141
-226480 (base 9) to base 15
-2a460
What is -1001211321 (base 4) in base 10?
-268665
What is 2002bb (base 12) in base 4?
1321212233
Convert -23402 (base 13) to base 8.
-175607
25701375 (base 9) to base 6
1130511022
Convert -13603761 (base 8) to base 2.
-1011110000011111110001
What is 1b22a3b (base 12) in base 3?
101212010100002
Convert -370270 (base 8) to base 6.
-2420412
-1d9d4c (base 15) to base 12
-59b760
Convert -163755 (base 9) to base 15.
-1eece
What is 4624431 (base 7) in base 15?
b6320
Convert -10112010 (base 4) to base 8.
-42604
What is 32121323212 (base 4) in base 14?
70426a
-348a727 (base 11) to base 4
-113032313121
What is 579b6 (base 13) in base 11?
aa112
What is 2898330 (base 11) in base 5?
2233134333
Convert -1e9b84 (base 15) to base 4.
-11232132223
Convert -61cb0 (base 13) to base 10.
-175734
What is -d9c678 (base 14) in base 15?
-9a92e6
Convert 250243 (base 11) to base 4.
1200211030
What is -74280 (base 9) in base 3?
-2111022200
-120424422 (base 5) to base 6
-20010153
1026 (base 7) to base 12
263
Convert 14022042 (base 5) to base 12.
6a317
What is -20034244224 (base 5) in base 10?
-19837439
Convert 13032322 (base 5) to base 2.
11111000011101100
57d9c (base 15) to base 2
1000100010100001110
What is 183592 (base 16) in base 3?
2222121101011
Convert 213812 (base 12) to base 14.
d9342
Convert -1293511 (base 13) to base 10.
-5833894
What is -24768 (base 10) in base 6?
-310400
What is 1781691 (base 10) in base 16?
1b2fbb
Convert 17292 (base 13) to base 7.
243303
Convert 3604105 (base 10) to base 11.
20418aa
93a75 (base 15) to base 7
3656516
11133490 (base 10) to base 9
22848244
What is -10522114 (base 6) in base 8?
-1164536
-100110111111110010 (base 2) to base 15
-324da
Convert -211421010 (base 6) to base 15.
-4d722c
What is 74800 (base 14) in base 16?
44b70
Convert -232077 (base 8) to base 7.
-446030
Convert 10110010100 (base 2) to base 13.
85b
Convert 1279481 (base 12) to base 8.
15717141
Convert -10521143 (base 6) to base 10.
-321687
-52745d (base 14) to base 15
-3a0752
-1022022000200 (base 3) to base 11
-434a86
-12305110 (base 7) to base 4
-10033033321
-111212322 (base 6) to base 14
-3a9678
Convert -21b2d1 (base 14) to base 16.
-1177f7
776360 (base 9) to base 14
c1109
-81220 (base 13) to base 8
-703211
What is 1010101100111001000 (base 2) in base 4?
1111213020
What is 11675 (base 14) in base 2?
1010010111000111
Convert -21221110022 (base 3) to base 8.
-461262
Convert -21011232120 (base 4) to base 6.
-123023120
12bc6 (base 13) to base 3
1202222102
Convert ed802 (base 15) to base 16.
b82fb
200165 (base 12) to base 3
221021222012
What is -430783 (base 12) in base 7?
-11666265
What is 1648574 (base 11) in base 15?
3a6de5
-503453 (base 7) to base 4
-110310302
Convert -235a47 (base 11) to base 10.
-373941
301300 (base 5) to base 15
2c85
Convert 275016 (base 8) to base 5.
11044112
Convert 537425 (base 8) to base 12.
881b1
Convert -3710c7 (base 14) to base 5.
-440312203
What is 70979 (base 14) in base 7?
2205312
Convert 13a853 (base 11) to base 4.
311202232
1000101111110101 (base 2) to base 9
54130
-7700001 (base 8) to base 9
-3785721
-35ab31 (base 12) to base 4
-3110023111
Convert -9c65 (base 13) to base 7.
-120542
120112333113 (base 4) to base 7
105163656
Convert 1617162 (base 10) to base 7.
16513521
What is 102213132100 (base 4) in base 8?
22473620
-11000110110110111 (base 2) to base 8
-306667
-10022664 (base 8) to base 7
-23623200
Convert 8517768 (base 10) to base 16.
81f888
What is -3031761 (base 8) in base 15?
-10be54
62b62 (base 15) to base 11
1a4237
3202 (base 4) to base 3
22101
What is -c8fee (base 16) in base 5?
-202321103
Convert -9cb584 (base 14) to base 6.
-310144212
What is 67ba (base 15) in base 8?
52760
What is -240bd (base 14) in base 15?
-1b100
10113103002 (base 4) to base 10
1144002
-48b241 (base 12) to base 8
-4401621
26775 (base 13) to base 4
101132133
Convert -2221210220010 (base 3) to base 15.
-2106cc
1001505 (base 6) to base 15
de22
Convert 302201321 (base 4) to base 16.
32879
What is 6c5d9 (base 14) in base 13?
93586
104642 (base 9) to base 3
10011201102
Convert -1001111101001010111010 (base 2) to base 3.
-11220121001010
Convert 237508 (base 10) to base 8.
717704
Convert -9673a (base 13) to base 14.
-70d03
-1011100001011011010 (base 2) to base 11
-238739
-142142 (base 11) to base 2
-110110010011101100
Convert -434060 (base 10) to base 8.
-1517614
What is -732c5 (base 14) in base 12?
-114865
Convert 85c07 (base 14) to base 13.
b4286
Convert -361621 (base 12) to base 13.
-2477a7
What is 30414122 (base 6) in base 4?
3111022202
-1731ce (base 16) to base 13
-412b71
Convert 1294343 (base 12) to base 5.
1420141132
What is -3aa6 (base 13) in base 11?
-6362
7a3433 (base 12) to base 13
535ac4
What is 12c51 (base 13) in base 2?
1000100011101001
What is -63543151 (base 7) in base 3?
-101010210021001
What is -1505246 (base 8) in base 9?
-723064
Convert b8c85 (base 14) to base 9.
751143
Convert -38703 (base 9) to base 2.
-110010111100101
-67a9d7 (base 14) to base 13
-965760
What is 10001111101001010 (base 2) in base 14?
1cb34
What is 113ab (base 14) in base 4?
22032223
Convert -114132025 (base 6) to base 5.
-1023031124
Convert -819d6 (base 16) to base 4.
-2001213112
What is -32404212 (base 5) in base 4?
-1010002122
What is -38027 (base 9) in base 15?
-787a
Convert 285a4a (base 11) to base 13.
1286b1
Convert -101034321 (base 5) to base 16.
-63c87
1009d2 (base 15) to base 4
2321323331
-25152141 (base 7) to base 4
-20220331023
30657 (base 13) to base 15
1aa99
What is -47750 (base 11) in base 4?
-100302233
15042120 (base 8) to base 11
1a2a584
c14c8 (base 16) to base 13
2194c0
Convert 2211890 (base 10) to base 2.
1000011100000000110010
Convert 302121 (base 4) to base 11.
2472
What is -226a2c (base 15) in base 16?
-19102e
What is -62484d (base 14) in base 8?
-14515245
What is -277810 (base 14) in base 9?
-2510815
-1b637 (base 16) to base 8
-333067
-574361 (base 8) to base 13
-6a889
What i